 factors of c(-2).
2, 1709
Let m be (12 + -4)*(-21)/(-2). Suppose -x + 4*p + m = 0, -2*p + 3*p - 483 = -5*x. List the prime factors of x.
2, 3
Suppose -5*c + u = -12, -2*c - 3*u + 12 = -u. Suppose 11*s = c*s + 544. What are the prime factors of s?
2, 17
Suppose 7 = 5*h - 3. Suppose 0 = -h*j - 4*a + 50, j + 19 - 49 = -3*a. What are the prime factors of j?
3, 5
Let s = 279 - 22. What are the prime factors of s?
257
Suppose 5*w = -3*w - 368. Let s = 85 + w. What are the prime factors of s?
3, 13
Suppose -39 = -4*h + 5. Suppose -2*t + h - 1 = 0, 0 = -g - 5*t + 77. What are the prime factors of g?
2, 13
Let b = -46 - -50. Suppose -5*m = b*z - 669, -5*m + 15 = z - 141. List the prime factors of z.
3, 19
Suppose 0 = -4*d + 24 - 4. Let k(m) = -m**3 + 7*m**2 - 3*m - 3. List the prime factors of k(d).
2
Let q be 1 - (-3 + -1 + 1). Suppose -2*w = 3*g + 8 - 4, -5*w + q*g + 13 = 0. What are the prime factors of 42*3*w/9?
2, 7
Suppose -j + 3*j - 186 = 0. Suppose -5*a - 223 = -3*h, -2*h - 3 + j = -2*a. Let m = a - -78. List the prime factors of m.
2, 17
Let r = 4 + -2. Suppose 4*f = r*f + 42. Suppose 2*a = 4*i - 192, 124 = 3*i - 2*a - f. List the prime factors of i.
47
Suppose -1384 = -2*j + 788. What are the prime factors of j?
2, 3, 181
Let w = 346 - 603. Let d = w + 409. List the prime factors of d.
2, 19
Let c be 5/15 + (-16)/(-6). Let u be -34*((-9)/(-6))/c. Let x = u - -38. What are the prime factors of x?
3, 7
Let g(m) = -5*m - m**2 + 2 + 2*m**2 + 2 - 2. Let q be g(3). What are the prime factors of (27 - q)/(1/1)?
31
Let r(u) = -9*u**3 + 0*u**3 - 4*u - 4*u**2 + 1 - 4. What are the prime factors of r(-2)?
61
Let o(g) be the third derivative of g**6/120 + g**5/15 + g**3/3 - 76*g**2. Suppose 3*j + 6 = -0*d + d, 5*j + 3*d + 24 = 0. List the prime factors of o(j).
11
Let q(s) = -s**2 + 15*s - 3. Let j = -10 + 3. Let u be (-7)/3*(j - -1). List the prime factors of q(u).
11
Let p(b) be the second derivative of 5*b**2 - 6*b - 1/2*b**3 + 0. List the prime factors of p(-7).
31
Suppose -9*d + 7*d = -32. Let w = -10 + d. Suppose -w*p - 148 = -10*p. List the prime factors of p.
37
Let v(r) = -9*r + 21. Let o(g) = 17*g - 43. Let w(i) = 3*o(i) + 7*v(i). What are the prime factors of w(-5)?
2, 3, 13
Suppose -5*b + 463 + 677 = 0. Suppose 0 = -3*c + 5*x - 3*x + 176, -4*x + b = 4*c. What are the prime factors of c?
2, 29
Let l(i) be the second derivative of -i**3/6 - 5*i**2/2 + 2*i. Let m be l(-5). Suppose m = 4*q - 9*q + 140. What are the prime factors of q?
2, 7
Suppose -4226*c = -4220*c - 16344. What are the prime factors of c?
2, 3, 227
What are the prime factors of (-12313)/(-7) - -5*24/(-20)?
1753
Suppose 1616 = 2*d + 2*z, 4*d = 2*z + 1256 + 1976. What are the prime factors of d?
2, 101
Let f(o) = -11*o - 1. Let z be f(-1). Let i = z + -11. What are the prime factors of i - -17 - (-15)/(-5)?
13
Suppose -6*s = -15*s + 27. Suppose -20 + 137 = s*n - 4*v, n = -5*v + 39. What are the prime factors of n?
3, 13
Let t(h) = 14*h**2 - 11*h - 47. List the prime factors of t(-11).
2, 13, 17
Let k be 15/35 + 32/7. Suppose -2*r + i + 176 = -i, -248 = -3*r - k*i. What are the prime factors of r?
2, 43
Let z = -72 + 76. Suppose 3*t - 171 - 342 = -4*h, 2*h - 244 = -z*t. List the prime factors of h.
2, 3, 11
Let f(y) = y**2 - 4*y + 8. Let u be f(8). Suppose -u = -5*h - 0*h. What are the prime factors of (5/4)/(1/h)?
2, 5
List the prime factors of 19/266 - (-6634)/28.
3, 79
Let z(j) = -j**3 - j**2 + 4*j + 2. Let u be z(2). Let x be (-1 - 1)/(-2) + -3. What are the prime factors of 4/u - -21 - x?
3, 7
Suppose -2578 = -3*w - 2*u, 0*w + 2*w - 1727 = -3*u. What are the prime factors of w?
2, 107
Let v be (-6842)/33 + (-1)/(-3). Let w be (-3)/9*1*v. Suppose -3*r - w = -207. List the prime factors of r.
2, 23
List the prime factors of -11*6*2*268/(-24).
2, 11, 67
Let f(j) = -4*j**2 + 9*j - 7. Let q be f(-8). What are the prime factors of 16/(-6)*(q/10 - 1)?
2, 23
What are the prime factors of (-4)/(-3)*(-6 - -306)?
2, 5
Let f(p) = 6*p**2 + 4*p + 2. Let n be f(5). Suppose d - n = -3*d. List the prime factors of 1/(1/(-3)) + d.
2, 5
Suppose -20 = -4*j - 3*c, -3*c + 4 + 10 = j. Suppose -j*y = -75 - 273. List the prime factors of y.
2, 3, 29
Let v = 1198 - -1499. List the prime factors of v.
3, 29, 31
Let w(b) = 2*b**2 + 14*b - 4. Let g be 2*((-130)/4)/5. List the prime factors of w(g).
2, 19
Suppose 4*r + 5 = 3*r, -2*k = 4*r - 582. List the prime factors of k.
7, 43
Let m(q) = -1 + 0 - q + 15*q + 0*q. Let p(x) = -13*x + 1. Let s(b) = 5*m(b) + 4*p(b). List the prime factors of s(1).
17
Let n(m) = -52*m + 49. What are the prime factors of n(-6)?
19
Suppose -5*c + 22 = 2*k - k, -3*c + 4*k + 27 = 0. Suppose -a = -6*a + c. Suppose u - a = 9. List the prime factors of u.
2, 5
Let z(w) = -w**3 + 9*w**2 - 6*w - 10. Let t be z(7). Suppose -2*h + 24 = -t. List the prime factors of h.
5, 7
Suppose -3259 = -20*d + 2281. What are the prime factors of d?
277
Suppose 2*j - 482 = -4*t + 276, 3*j - 5*t - 1192 = 0. List the prime factors of j.
389
Suppose 3*w - 1402 = -5*h + 633, 1628 = 4*h + 2*w. What are the prime factors of h?
11, 37
Let d = -34 - -47. Suppose d + 5 = 2*g. Let y = g + 0. List the prime factors of y.
3
Let v(x) be the first derivative of -5*x**4/4 - 5*x**3/3 - x**2/2 + 8*x - 10. List the prime factors of v(-4).
2, 3, 7
Let v(m) be the first derivative of m**4/4 + 11*m**3/3 + 5*m**2 + 22*m + 15. What are the prime factors of v(-8)?
2, 67
What are the prime factors of 574/4*(-254)/(-127)?
7, 41
Let b be (3/2)/((-4)/(-640)). Suppose -b = -2*o + 7*o. Let q = -28 - o. List the prime factors of q.
2, 5
Let z(d) = 7*d**2 + 9*d - 4. Let t(g) = -6*g**2 - 8*g + 4. Let l = 4 - 9. Let x(v) = l*z(v) - 6*t(v). List the prime factors of x(-7).
2, 3
Let w(h) = h**3 - 3*h**2 - 7. Let c be w(5). Let k(b) = b**2 - 9*b + 7. Let f be k(6). Let n = c + f. List the prime factors of n.
2
Let p = 3987 - 2829. What are the prime factors of p?
2, 3, 193
Let c be 0/(6/(-2) + 4). Suppose 0*d - 4*d + 140 = c. List the prime factors of d.
5, 7
Suppose -x = -5*x + 16. Suppose 0 = -x*t + 20, 2*a = 3*t - t - 58. Let b = 42 + a. List the prime factors of b.
2, 3
Suppose 5*u - 2*i - 12892 + 1503 = 0, 2*u = i + 4556. What are the prime factors of u?
3, 11, 23
Suppose 2*r + 3 = 3*d - 12, 5*r = 4*d - 20. Suppose r*l = l + 5. What are the prime factors of (-2)/((-6)/(-15))*l?
5
Suppose 0 = -64*z + 51*z + 10309. List the prime factors of z.
13, 61
Let p(t) = 100*t**2 + 9*t + 13. What are the prime factors of p(-2)?
5, 79
Let i(x) = 382*x + 67. What are the prime factors of i(7)?
2741
Suppose -3*u = 2*u - 755. Let h = u - 84. What are the prime factors of h?
67
Let u(t) = 3*t**2 + 3*t - 11. Suppose -o = 5*q - 18 - 0, -5*o = -2*q + 18. List the prime factors of u(q).
7
Let f(c) = c**2 + 2. Let o be f(5). Suppose -5*t - o = 23. Let k = t + 18. What are the prime factors of k?
2
Let s(j) = -j + 1. Let r(z) = 1. Let w(n) = 3*r(n) - s(n). Let v be w(4). What are the prime factors of 8/1*v/4?
2, 3
Suppose -10*h = -7*h - 15. Suppose 275 = -h*x - 2*m, 0*x - m + 119 = -2*x. Let r = x + 95. What are the prime factors of r?
2, 19
Suppose 15 = -5*w, -2*i + w + 2273 = -258. What are the prime factors of i?
2, 79
Suppose -4*s - 3*q + 170 = 0, 5*q - q = -2*s + 80. Suppose 4*t - 8*t - s = 0. Let z = -7 - t. List the prime factors of z.
2
Suppose -5*f = -884 - 1256. What are the prime factors of f?
2, 107
Let t = -35 - -37. Suppose -4*b - 84 = -t*s + 70, b + 1 = 0. List the prime factors of s.
3, 5
Suppose h + 2*h = 3*n + 36, -n - h = 2. Let j(x) = x**3 + 6*x**2 - 9*x + 2. Let u be j(n). Suppose -17 = -y + u. List the prime factors of y.
3, 11
Let m(u) = -3*u**2 - 3*u + 2. Let a be m(1). Let h = a - -6. Suppose 5*v = 5*i + 7 + 83, -2*v - h*i = -20. What are the prime factors of v?
2, 7
Suppose 3*g + 3 = -0. Let s be 111 - (1 + 0 - g). Suppose 3*u + 2*p = 94, s = 5*u - 2*u + 5*p. What are the prime factors of u?
2, 7
Suppose 4*y = 2*i - 6*i + 36, 0 = -2*i + y + 6. Let x(s) = 6 + 13 - 6*s + i*s. What are the prime factors of x(0)?
19
Suppose 2*t = -2*q - 7 - 11, 4*q - 52 = 4*t. Let l = 11 + t. Suppose w - 8 - 5 = l. What are the prime factors of w?
13
What are the prime factors of -47*(-2)/3*12?
2, 47
Let b be -8*1/(-3)*3. Let t be 1072/64 + 2/b